 Suppose 0 = 4*m + 2*m - 24. Suppose 5 = 3*h - m. Give t(h).
13
Suppose -12*k + 9*k = -24. Let x be (3 + -4)/((-2)/k). Let b(r) = -r**3 + 5*r**2 - 4*r + 3. Determine b(x).
3
Let v be (1/2)/((-2)/(-16)). Suppose 20 - 134 = -57*l. Let x(w) = v*w**2 - 18 - w - 3*w**l + 14. Give x(-3).
8
Let j(f) = -f**2 + f - 4. Let h(z) = 2*z**2 - 2*z + 7. Let v be (7/3)/((-16)/(-48)). Let w(m) = v*j(m) + 4*h(m). Calculate w(1).
0
Let m(g) = -g. Let h(b) = -b + 2*b - 4*b. Let v(x) = -4*h(x) + 9*m(x). Suppose 3*c + 3*i = 18, 5*c + 2*i + 12 = 36. Give v(c).
12
Let h(s) = 5*s - 4. Let o(n) = n**3 - 4*n**2 - 9*n + 18. Let u be o(5). Give h(u).
-14
Suppose -5*c - 20 + 5 = 0. Let x be c/(-6)*(-4 + 2). Let u(y) = -y**3 + 72*y - 34*y - 3 - 37*y + 4. Give u(x).
1
Let w(h) = 122 + 129 + 129 + h + 127 - 515. Let z be 10 - (-2)/(-4)*2. Determine w(z).
1
Let k(q) = 14*q**3 + 2*q - 15*q**3 + 2*q**2 - 4*q**2 + 4. Calculate k(-3).
7
Let j(c) = -10*c + 1. Let w(h) = -32*h + 3. Let d be w(-2). Let n = d + -66. What is j(n)?
-9
Let m(i) = -i**2 - 6*i + 3. Let z(p) = -8*p - 22. Let w be z(-2). Determine m(w).
3
Let o(j) be the first derivative of 15 - 1/3*j**3 + 5/2*j**4 + 0*j + 0*j**2. Determine o(1).
9
Let u be (7/14)/(2/16 - 0). Let o(i) = -5*i + 2. Calculate o(u).
-18
Let y(p) be the first derivative of p**4/2 + p**3/3 - p - 9. Let m be y(1). Let o(s) = -s**2 + s - 1. What is o(m)?
-3
Let v(q) = 9*q. Let j = -98 - -102. Suppose j*t - 2*a = 6, 0 = -5*t - a + 2*a. Calculate v(t).
-9
Let q be 22/(-2)*-1 + -5. Let b be (-2)/(-3)*3 - 12/q. Let k(v) = -v**2 - v + 1. Give k(b).
1
Let o(s) be the third derivative of s**6/120 + 3*s**5/20 + 5*s**3/6 - 32*s**2. Let p be o(-9). Let r(c) = -c**2 + 4*c + 3. Calculate r(p).
-2
Let c = -112 + 115. Let m(n) = 51 + 53 - 101 - c*n. Determine m(3).
-6
Let p(i) = 4*i**2 - 2*i - 2. Let h be p(-2). Let s(l) = -l**3 + 19*l**2 - 19*l + 11. Let n be s(h). Let k(f) = 2*f + 9. Determine k(n).
-5
Suppose 5*b + 16 = 5*o - 39, 0 = -5*b - 2*o - 20. Suppose -s = 3*s - j + 40, 3*s + 29 = j. Let k = b - s. Let y(h) = -h**3 + 5*h**2 + 3*h - 5. Give y(k).
10
Suppose -39 = -3*i + 7*v - 9*v, -3*i + 39 = -5*v. Let f(n) = n**3 - 14*n**2 + 13*n - 2. Determine f(i).
-2
Let p(d) = -1 - d + 1. Suppose 4 = 4*x - 2*x. What is p(x)?
-2
Let l(k) = -k**3 - 4*k**2 + 2. Suppose 0 = 6*z - 3*z - 3*v - 30, -4*z + 30 = -2*v. Suppose -z*w + 14 = -6. Let u be (2 + w)/(3/(-2)). Give l(u).
2
Let o(a) = -13*a + a - 28 + 10*a + 5*a. Let k be o(9). Let f(p) = -22*p - 1. Calculate f(k).
21
Let c(i) = i**3 - 4*i**2 - i - 4. Suppose 2*n + 6 = 4*k, -4*n - 2*k + 20 - 2 = 0. Suppose 4*a = -n*u + 8, 2 = -2*a + 2*u - 5*u. Give c(a).
16
Let u(m) be the third derivative of m**6/120 + m**5/4 + 7*m**4/12 + 7*m**3/6 + 35*m**2. Determine u(-14).
7
Suppose -2*b = -7*b - 30. Let t(d) = -7*d**2 - 9*d - 8. Let q(j) = -3*j**2 - 5*j - 4. Let i be (9/9)/((-2)/(-10)). Let z(m) = i*q(m) - 2*t(m). Calculate z(b).
2
Let y(a) = -a. Let j(d) = -d**3 - 8*d**2 - 9*d - 10. Suppose 3*m + 5*w = 4*w - 16, 4*m - 4*w = -48. Let v be j(m). Give y(v).
-4
Let c(h) be the second derivative of h**3/6 + h**2/2 + 74*h. Determine c(7).
8
Suppose -3*b - 4*o + 6 = -5, -28 = -5*b + 3*o. Let r(l) = 3*l**2 - 10*l - 5. Let d(x) = -2*x - 21 - x + x**2 + 19. Let j(h) = 8*d(h) - 3*r(h). Determine j(b).
4
Let y(h) = -h. Let d(x) = x - 1. Let t(o) = d(o) + 2*y(o). Give t(-4).
3
Let t(f) = 2*f - f - 2 + 0*f - 8. What is t(7)?
-3
Let y(q) be the first derivative of -q**4/4 + 7*q**3/3 - 3*q**2 - 13*q + 202. Give y(6).
-13
Let k(t) = -t**3 + 2*t**2 + 3. Suppose 2877*h + 24 = 2885*h. Determine k(h).
-6
Let l(x) = -x**2 + 6*x + 113. Let b be l(14). Let u(g) = 19*g**2 - 2*g + 1. Determine u(b).
18
Suppose 0 = 5*t - 95 - 10. Let d(f) = 7*f - t*f**2 + 20*f**2 - 15*f. Calculate d(-7).
7
Let y(g) = -14*g + 13. Let z(u) = 17*u - 14. Let m(o) = 3*y(o) + 2*z(o). Give m(5).
-29
Let v be (-2 + 7/2)*-2. Suppose 0 = -2*t + 286 - 282. Let x(h) = -2*h - 5*h - t*h**2 + 5*h. Calculate x(v).
-12
Suppose 5*q - 7 = -4*s, 5*s + 3 = 3*q + 21. Let u(c) = 5*c**2 + 3*c - 6. Calculate u(s).
48
Let y(k) = -4*k - k**3 + 36 - 16 - 15 - 5*k**2 + 8*k - 10. Calculate y(-6).
7
Let t(o) = -o**3 - 3*o**2 + 4*o + 1. Let b = 14 + -20. Let z be -6*(3 + 0)/b. Suppose 0*w - 12 = z*w. Determine t(w).
1
Let d(r) = -11*r**2 - 36*r - 12. Let v(p) = 4*p**2 + 12*p + 4. Let f(x) = -3*d(x) - 8*v(x). Determine f(-5).
-31
Let i(a) = -38*a**2 + a + 116*a**2 - 38*a**2 - 2 - 41*a**2 + 6. Give i(-3).
-8
Let f(i) = i**2 - 13*i + 15. Suppose 5*h - 47 = 8. Determine f(h).
-7
Let r(m) = -56*m + 11. Let y be r(-2). Let p(n) = -123*n + n**2 + 3 - y*n + 251*n. What is p(-4)?
-1
Let o(c) be the second derivative of -c**5/40 - c**4/8 - 7*c**3/3 + 4*c. Let s(f) be the second derivative of o(f). Suppose 3 = -0*p + p. What is s(p)?
-12
Suppose 3*j - 90 = 3*q, 5*j - 2*q = -48 + 186. Suppose -5*x + 3 = 3*o + j, 3*o - 19 = x. Let l(t) = t**3 + 6*t**2 - 8*t - 3. What is l(x)?
4
Let u(d) = -181*d**2 - 27*d + 2. Let w(g) = 113*g**2 + 18*g - 2. Let f(j) = -5*u(j) - 8*w(j). Let n = 0 - -4. Determine f(n).
-14
Let w be -4 - 1*(0 + -1). Let g be (-5)/2 + 1*w/6. Let q(i) = i**3 + 3*i**2 + 2*i - 2. Calculate q(g).
-8
Let a(y) be the second derivative of 0 - 1/2*y**3 + 7*y + 4*y**2. Determine a(8).
-16
Let w(t) = -t**3 + 5*t**2 + 6*t + 8. Let h = 1086 + -1080. Determine w(h).
8
Let d = -23 - -47. Suppose d = -2*w - 64. Let l be (-140)/w + (-4)/22. Let r(x) = -x**3 + 4*x**2 - 3*x - 4. Determine r(l).
-4
Suppose 0 = -5*n + 7*n - 3*f - 5, 16 = 3*n + 4*f. Let j(s) = s**3 - 3*s**2 - 3*s + 5. Give j(n).
9
Let z(s) = -3*s**3 + 3*s**2 - s + 1. Let k(l) = -2*l**2 + 17*l + 32. Let j be k(10). Give z(j).
-13
Let p(v) = -v. Let j be p(0). Let d(b) be the first derivative of 1/2*b**2 - 8 - 8*b. Calculate d(j).
-8
Let p(l) = 3*l**2 + 4*l - 3. Let a(r) = r**2 - r - 1. Let j(s) = 2*a(s) - p(s). Let g = -20 - -15. Calculate j(g).
6
Let j(g) = -4*g**2 + 13*g - 4. Let h(s) = -3*s**2 + 11*s - 3. Let w(r) = 6*h(r) - 5*j(r). What is w(-2)?
8
Let x(s) = s**3 - 5*s**2 + 7. Suppose 3*u + u - 4 = -3*d, u - d = 8. Suppose -10*k = -u*k - 30. Calculate x(k).
7
Let w = -43 + 42. Let j(a) = -2*a**2 + 3*a - 1. Let s(y) = y**2. Let x(z) = w*j(z) + 2*s(z). Calculate x(2).
11
Let o(w) = w**3. Let t(g) = 2*g**3 + g**2 + g + 1. Let b(h) = -3*o(h) - t(h). Let a = -43 - -33. Let r be 1*-3 + -1 + (a - -13). What is b(r)?
4
Let p(v) = -v**2 + 4*v - 1. Suppose 3*r + 3 = 0, 3*r = -3*g - r + 38. Suppose -5*b = -39 + g. Give p(b).
-6
Let r(i) = i**3 - 4014*i**2 + 8*i + 8030*i**2 - 4010*i**2 + 7. Give r(-5).
-8
Let t be (2/(-5))/((-3)/45). Let k(c) = 8*c**2 + 1 + t - 3 - c**3. Let o(y) = 25*y + 258. Let g be o(-10). What is k(g)?
4
Let a(x) = -x - x + 6*x. Let f = 2644 + -2646. What is a(f)?
-8
Let y(w) = 44 - 26 + w - 17. Determine y(6).
7
Let w(b) = b. Let t(o) = o. Let x(p) = -t(p) + 6*w(p). Let d be (-7)/28 - 10/(-8). What is x(d)?
5
Let n(a) = 16*a + 10. Let c be n(-1). Let g = -6 + 8. Let k(q) = g + 2*q - 4*q - q**3 - 7*q**2 - 3*q. What is k(c)?
-4
Let d(i) = 1. Let z(t) = t - 2. Let a(g) = -3*d(g) - z(g). Determine a(7).
-8
Suppose 0 = 3*i + 3*h + 6, -2*i - 3*h + 4 - 12 = 0. Let a(j) = 8*j - j + 22*j**2 - 7 - 11*j**i - 10*j**2. What is a(-7)?
-7
Let z = 74 - 71. Suppose -3*r + z = -2*r, -4*x = -2*r + 30. Let m(j) = 2*j - 1. Give m(x).
-13
Let n = 20 - 15. Suppose -l - 17 = 5*w + 12, -33 = n*w - 3*l. Let v(m) = m**3 + 5*m**2 - 5*m + 8. What is v(w)?
2
Suppose 5*p - 2*p = 12. Let f(l) = l**3 + 7*l**2 + l + 9. Let o be f(-7). Let r(m) = -5*m**o + 0*m + 5*m + 4 - m + 4*m**2. What is r(p)?
4
Let q = -104 + 104. Let j(o) be the first derivative of -o**2/2 + 11*o - 9. Give j(q).
11
Let z(s) = -2*s. Let m = 38 + -15. Suppose -4*i = -m + 7. Suppose -3*l - 7*p + 4 = -2*p, -4*l - 2*p = i. What is z(l)?
4
Suppose 2*s = o - 3*o - 2, -s = -3*o - 19. Let x(j) = -4*j + s*j + 2*j - 3*j. Suppose -i + 8 = -5*z + z, 0 = -2*z - 2. What is x(i)?
-4
Let o(i) = -i**2 + i + 2. Let c be o(0). Let t(h) = 14*h**2 - 16*h**c - 4 + h + 0*h. Let j(f) = f**2 + 3. Let b(x) = -3*j(x) - 2*t(x). Give b(3).
2
Let j(w) = -w**3 + 4*w**2 + 27*w + 44. Let h be j(8). Let q(m) = -3*m**2 + 13*m + 5. What is q(h)?
9
Let f(z) be the second derivative of z**3/6 - 12*z**2 - 2*z - 32. What is f(0)?
-24
Let 